{"id":12,"date":"2023-09-05T12:42:28","date_gmt":"2023-09-05T12:42:28","guid":{"rendered":"https:\/\/staging.stadtkulturbeirat-steyr.at\/?page_id=12"},"modified":"2023-09-06T12:37:04","modified_gmt":"2023-09-06T12:37:04","slug":"uber-uns","status":"publish","type":"page","link":"https:\/\/www.stadtkulturbeirat-steyr.at\/?page_id=12","title":{"rendered":"\u00dcBER UNS"},"content":{"rendered":"\n<h2 class=\"wp-block-heading has-text-align-center has-text-color has-large-font-size\" style=\"color:#5c8231\">\u00dcBER UNS<\/h2>\n\n\n\n<h2 class=\"wp-block-heading has-text-align-center has-text-color\" style=\"color:#5c8231\">Was ist der Stadtkulturbeirat eigentlich?<\/h2>\n\n\n\n<hr class=\"wp-block-separator has-text-color has-alpha-channel-opacity has-background is-style-wide\" style=\"background-color:#5c8231;color:#5c8231\"\/>\n\n\n\n<p class=\"has-text-align-center\">Der Stadtkulturbeirat Steyr (SKB) ist das <strong>Bindeglied<\/strong> zwischen Kulturschaffenden und Politik.<br>Die <strong>Mitglieder <\/strong>des SKB arbeiten ehrenamtlich.<\/p>\n\n\n\n<p class=\"has-text-align-center\">Der Steyrer Stadtkulturbeirat (SKB) wurde bei der Erstellung des Steyrer Kulturentwicklungsplanes (KEP) angeregt und umgesetzt.&nbsp;<\/p>\n\n\n\n<hr class=\"wp-block-separator has-text-color has-alpha-channel-opacity has-background is-style-wide\" style=\"background-color:#5c8231;color:#5c8231\"\/>\n\n\n\n<p><strong>Auszug aus dem KEP (2008):<\/strong><\/p>\n\n\n\n<p>Einrichtung und\u00a0<strong>Verankerung eines st\u00e4ndigen\u00a0Kulturbeirates<\/strong>\u00a0mit beratender Stimme von Kulturausschuss, Kulturreferentin bzw.\u00a0-referent und Gemeinderat,<\/p>\n\n\n\n<p><strong>der folgende Kriterien erf\u00fcllt:<\/strong><\/p>\n\n\n\n<div class=\"wp-block-columns is-layout-flex wp-container-core-columns-is-layout-28f84493 wp-block-columns-is-layout-flex\">\n<div class=\"wp-block-column is-layout-flow wp-block-column-is-layout-flow\" style=\"flex-basis:5%\"><\/div>\n\n\n\n<div class=\"wp-block-column is-layout-flow wp-block-column-is-layout-flow\" style=\"flex-basis:90%\">\n<ul class=\"wp-block-list\">\n<li>Zusammensetzung aus in Steyr\u00a0t\u00e4tigen Kunst- und Kulturschaffenden (eventuell erg\u00e4nzt um relevante Expertinnen bzw. Experten),<\/li>\n\n\n\n<li>Abdeckung aller Kunst- und Kulturbereiche,<\/li>\n\n\n\n<li>zwischen 10 und 15 Mitglieder,<\/li>\n\n\n\n<li>festgelegte&nbsp;Funktionsperioden,<\/li>\n\n\n\n<li>Nominierung der\u00a0Mitglieder durch den Kulturreferenten bzw. die\u00a0Kulturreferentin auf Vorschlag des Kulturausschusses.<br><\/li>\n\n\n\n<li>Organisation und Durchf\u00fchrung eines j\u00e4hrlichen&nbsp;Treffens aller Kunst- und Kulturschaffenden mit den kulturpolitischen Entscheidungstr\u00e4gerinnen&nbsp;und -tr\u00e4gern.&nbsp;<\/li>\n\n\n\n<li>Einrichtung und Durchf\u00fchrung eines Kunstvermittlungsprogramms f\u00fcr Mitglieder des Kulturausschusses&nbsp;<br>(z. B. in Form einer j\u00e4hrlichen organisierten Tour durch Steyrer Kunst- und&nbsp;Kultureinrichtungen).<\/li>\n\n\n\n<li>Weiterentwicklung der Fachabteilung f\u00fcr&nbsp;Kulturangelegenheiten zu einer Dienstleistungs-&nbsp;und Servicestelle f\u00fcr den gesamten&nbsp;Kunst- und Kulturbereich (Beratung, Ticketing,&nbsp;Informationsdistribution, Terminkoordination,&nbsp;\u2026).&nbsp;<\/li>\n\n\n\n<li>Entwicklung eines Modells zur klaren Trennung&nbsp;der operativen von den strategischen&nbsp;Aktivit\u00e4ten der Fachabteilung f\u00fcr Kulturangelegenheiten (Kulturst\u00e4ttenverwaltung, Eigenveranstaltungen,&nbsp;Terminkoordination u. \u00e4.&nbsp;getrennt von Kulturbudgetverwaltung, Kulturplanung u. \u00e4.) sowie<\/li>\n\n\n\n<li>Diskussion von Kulturausschuss,&nbsp;Kulturbeirat und Fachabteilung f\u00fcr&nbsp;Kulturangelegenheiten \u00fcber die Auswirkungen dieses Modells.<\/li>\n<\/ul>\n<\/div>\n\n\n\n<div class=\"wp-block-column is-layout-flow wp-block-column-is-layout-flow\" style=\"flex-basis:5%\"><\/div>\n<\/div>\n\n\n\n<hr class=\"wp-block-separator has-text-color has-alpha-channel-opacity has-background is-style-wide\" style=\"background-color:#5c8231;color:#5c8231\"\/>\n\n\n\n<div class=\"wp-block-columns is-layout-flex wp-container-core-columns-is-layout-28f84493 wp-block-columns-is-layout-flex\">\n<div class=\"wp-block-column is-layout-flow wp-block-column-is-layout-flow\">\n<div style=\"height:14px\" aria-hidden=\"true\" class=\"wp-block-spacer\"><\/div>\n\n\n\n<figure class=\"wp-block-image size-large\"><img loading=\"lazy\" decoding=\"async\" width=\"768\" height=\"1024\" src=\"https:\/\/www.stadtkulturbeirat-steyr.at\/wp-content\/uploads\/2023\/09\/1664032955-768x1024.jpg\" alt=\"\" class=\"wp-image-98\" srcset=\"https:\/\/www.stadtkulturbeirat-steyr.at\/wp-content\/uploads\/2023\/09\/1664032955-768x1024.jpg 768w, https:\/\/www.stadtkulturbeirat-steyr.at\/wp-content\/uploads\/2023\/09\/1664032955-225x300.jpg 225w, https:\/\/www.stadtkulturbeirat-steyr.at\/wp-content\/uploads\/2023\/09\/1664032955.jpg 960w\" sizes=\"auto, (max-width: 768px) 100vw, 768px\" \/><\/figure>\n<\/div>\n\n\n\n<div class=\"wp-block-column is-layout-flow wp-block-column-is-layout-flow\">\n<p>Der SKB Steyr hat derzeit 10 Mitglieder und setzt sich aus unterschiedlichen kunst- &amp; kulturschaffenden bzw. -interessierten Personen zusammen.<\/p>\n\n\n\n<p>Als\u00a0<strong>ehrenamtliche Mitglieder<\/strong>\u00a0des Stadtkulturbeirates treffen wir uns regelm\u00e4\u00dfig an verschiedenen Locations der Steyrer Kulturszene und Gastronomie, um neue Projekte zu besprechen und umzusetzen.<\/p>\n\n\n\n<p>Ein wichtiger Bestandteil unserer Arbeit ist die Organisation des \u00f6ffentlichen\u00a0<a href=\"https:\/\/www.stadtkulturbeirat-steyr.at\/?page_id=70\"><strong>KULTURSTAMMTISCHES<\/strong><\/a>, der regelm\u00e4\u00dfig stattfinden soll und kulturell\u00a0engagierten und interessierten Menschen aus der Region die M\u00f6glichkeit gibt, Anliegen, W\u00fcnsche und Vorschl\u00e4ge zur Verbesserung der kulturellen Situation in Steyr vorzubringen.<\/p>\n\n\n\n<p>Einmal im Jahr findet die vom SKB Steyr organisierte und von der Stadt Steyr unterst\u00fctzte\u00a0<strong><a href=\"https:\/\/www.stadtkulturbeirat-steyr.at\/?page_id=72\">STEYRER KULTURPLATTFORM<\/a>\u00a0<\/strong>statt.<\/p>\n\n\n\n<p>Daf\u00fcr\u00a0konnten\u00a0wir\u00a0bisher immer\u00a0bekannte Impulsreferenten gewinnen,\u00a0die eine Vielzahl an kunst- und kulturliebenden G\u00e4sten dazu inspirierten, sich gemeinsam noch intensiver\u00a0mit der kulturellen Entwicklung Steyrs auseinanderzusetzen.<\/p>\n<\/div>\n<\/div>\n\n\n\n<figure class=\"wp-block-image size-full\"><img loading=\"lazy\" decoding=\"async\" width=\"960\" height=\"720\" src=\"https:\/\/www.stadtkulturbeirat-steyr.at\/wp-content\/uploads\/2023\/09\/1659646963-1.jpg\" alt=\"\" class=\"wp-image-101\" srcset=\"https:\/\/www.stadtkulturbeirat-steyr.at\/wp-content\/uploads\/2023\/09\/1659646963-1.jpg 960w, https:\/\/www.stadtkulturbeirat-steyr.at\/wp-content\/uploads\/2023\/09\/1659646963-1-300x225.jpg 300w, https:\/\/www.stadtkulturbeirat-steyr.at\/wp-content\/uploads\/2023\/09\/1659646963-1-768x576.jpg 768w\" sizes=\"auto, (max-width: 960px) 100vw, 960px\" \/><figcaption class=\"wp-element-caption\">Der SKB bei der \u00dcbergabe des Vorsitzes von Frau Mag. art. Beate Seckauer an Herrn Michael Gelsinger im Oktober 2021 im GH Mader<\/figcaption><\/figure>\n\n\n\n<div style=\"height:50px\" aria-hidden=\"true\" class=\"wp-block-spacer\"><\/div>\n\n\n\n<div class=\"wp-block-buttons is-content-justification-center is-layout-flex wp-container-core-buttons-is-layout-a89b3969 wp-block-buttons-is-layout-flex\">\n<div class=\"wp-block-button has-custom-width wp-block-button__width-25 has-custom-font-size has-small-font-size\" style=\"text-transform:capitalize\"><a class=\"wp-block-button__link has-background has-text-align-center wp-element-button\" href=\"https:\/\/www.stadtkulturbeirat-steyr.at\/?page_id=94\" style=\"border-radius:13px;background-color:#5c8131\">Die mitglieder<\/a><\/div>\n<\/div>\n\n\n\n<div style=\"height:50px\" aria-hidden=\"true\" class=\"wp-block-spacer\"><\/div>\n","protected":false},"excerpt":{"rendered":"<p>\u00dcBER UNS Was ist der Stadtkulturbeirat eigentlich? Der Stadtkulturbeirat Steyr (SKB) ist das Bindeglied zwischen Kulturschaffenden und Politik.Die Mitglieder des SKB arbeiten ehrenamtlich. Der Steyrer Stadtkulturbeirat (SKB) wurde bei der Erstellung des Steyrer Kulturentwicklungsplanes (KEP) angeregt und umgesetzt.&nbsp; Auszug aus dem KEP (2008): Einrichtung und\u00a0Verankerung eines st\u00e4ndigen\u00a0Kulturbeirates\u00a0mit beratender Stimme von Kulturausschuss, Kulturreferentin bzw.\u00a0-referent und Gemeinderat, &hellip; <\/p>\n<p class=\"link-more\"><a href=\"https:\/\/www.stadtkulturbeirat-steyr.at\/?page_id=12\" class=\"more-link\">Mehr <span class=\"screen-reader-text\">\u00fcber &#8222;\u00dcBER UNS&#8220; <\/span>Lesen<\/a><\/p>\n","protected":false},"author":1,"featured_media":0,"parent":0,"menu_order":0,"comment_status":"closed","ping_status":"closed","template":"","meta":{"inspiro_hide_title":false,"footnotes":""},"class_list":["post-12","page","type-page","status-publish","hentry"],"_links":{"self":[{"href":"https:\/\/www.stadtkulturbeirat-steyr.at\/index.php?rest_route=\/wp\/v2\/pages\/12","targetHints":{"allow":["GET"]}}],"collection":[{"href":"https:\/\/www.stadtkulturbeirat-steyr.at\/index.php?rest_route=\/wp\/v2\/pages"}],"about":[{"href":"https:\/\/www.stadtkulturbeirat-steyr.at\/index.php?rest_route=\/wp\/v2\/types\/page"}],"author":[{"embeddable":true,"href":"https:\/\/www.stadtkulturbeirat-steyr.at\/index.php?rest_route=\/wp\/v2\/users\/1"}],"replies":[{"embeddable":true,"href":"https:\/\/www.stadtkulturbeirat-steyr.at\/index.php?rest_route=%2Fwp%2Fv2%2Fcomments&post=12"}],"version-history":[{"count":7,"href":"https:\/\/www.stadtkulturbeirat-steyr.at\/index.php?rest_route=\/wp\/v2\/pages\/12\/revisions"}],"predecessor-version":[{"id":134,"href":"https:\/\/www.stadtkulturbeirat-steyr.at\/index.php?rest_route=\/wp\/v2\/pages\/12\/revisions\/134"}],"wp:attachment":[{"href":"https:\/\/www.stadtkulturbeirat-steyr.at\/index.php?rest_route=%2Fwp%2Fv2%2Fmedia&parent=12"}],"curies":[{"name":"wp","href":"https:\/\/api.w.org\/{rel}","templated":true}]}}

ÜBER UNS

<h2 class="wp-block-heading has-text-align-center has-text-color has-large-font-size" style="color:#5c8231">ÜBER UNS</h2>



<h2 class="wp-block-heading has-text-align-center has-text-color" style="color:#5c8231">Was ist der Stadtkulturbeirat eigentlich?</h2>



<hr class="wp-block-separator has-text-color has-alpha-channel-opacity has-background is-style-wide" style="background-color:#5c8231;color:#5c8231"/>



<p class="has-text-align-center">Der Stadtkulturbeirat Steyr (SKB) ist das <strong>Bindeglied</strong> zwischen Kulturschaffenden und Politik.<br>Die <strong>Mitglieder </strong>des SKB arbeiten ehrenamtlich.</p>



<p class="has-text-align-center">Der Steyrer Stadtkulturbeirat (SKB) wurde bei der Erstellung des Steyrer Kulturentwicklungsplanes (KEP) angeregt und umgesetzt.&nbsp;</p>



<hr class="wp-block-separator has-text-color has-alpha-channel-opacity has-background is-style-wide" style="background-color:#5c8231;color:#5c8231"/>



<p><strong>Auszug aus dem KEP (2008):</strong></p>



<p>Einrichtung und <strong>Verankerung eines ständigen Kulturbeirates</strong> mit beratender Stimme von Kulturausschuss, Kulturreferentin bzw. -referent und Gemeinderat,</p>



<p><strong>der folgende Kriterien erfüllt:</strong></p>



<div class="wp-block-columns is-layout-flex wp-container-core-columns-is-layout-28f84493 wp-block-columns-is-layout-flex">
<div class="wp-block-column is-layout-flow wp-block-column-is-layout-flow" style="flex-basis:5%"></div>



<div class="wp-block-column is-layout-flow wp-block-column-is-layout-flow" style="flex-basis:90%">
<ul class="wp-block-list">
<li>Zusammensetzung aus in Steyr tätigen Kunst- und Kulturschaffenden (eventuell ergänzt um relevante Expertinnen bzw. Experten),</li>



<li>Abdeckung aller Kunst- und Kulturbereiche,</li>



<li>zwischen 10 und 15 Mitglieder,</li>



<li>festgelegte&nbsp;Funktionsperioden,</li>



<li>Nominierung der Mitglieder durch den Kulturreferenten bzw. die Kulturreferentin auf Vorschlag des Kulturausschusses.<br></li>



<li>Organisation und Durchführung eines jährlichen&nbsp;Treffens aller Kunst- und Kulturschaffenden mit den kulturpolitischen Entscheidungsträgerinnen&nbsp;und -trägern.&nbsp;</li>



<li>Einrichtung und Durchführung eines Kunstvermittlungsprogramms für Mitglieder des Kulturausschusses&nbsp;<br>(z. B. in Form einer jährlichen organisierten Tour durch Steyrer Kunst- und&nbsp;Kultureinrichtungen).</li>



<li>Weiterentwicklung der Fachabteilung für&nbsp;Kulturangelegenheiten zu einer Dienstleistungs-&nbsp;und Servicestelle für den gesamten&nbsp;Kunst- und Kulturbereich (Beratung, Ticketing,&nbsp;Informationsdistribution, Terminkoordination,&nbsp;…).&nbsp;</li>



<li>Entwicklung eines Modells zur klaren Trennung&nbsp;der operativen von den strategischen&nbsp;Aktivitäten der Fachabteilung für Kulturangelegenheiten (Kulturstättenverwaltung, Eigenveranstaltungen,&nbsp;Terminkoordination u. ä.&nbsp;getrennt von Kulturbudgetverwaltung, Kulturplanung u. ä.) sowie</li>



<li>Diskussion von Kulturausschuss,&nbsp;Kulturbeirat und Fachabteilung für&nbsp;Kulturangelegenheiten über die Auswirkungen dieses Modells.</li>
</ul>
</div>



<div class="wp-block-column is-layout-flow wp-block-column-is-layout-flow" style="flex-basis:5%"></div>
</div>



<hr class="wp-block-separator has-text-color has-alpha-channel-opacity has-background is-style-wide" style="background-color:#5c8231;color:#5c8231"/>



<div class="wp-block-columns is-layout-flex wp-container-core-columns-is-layout-28f84493 wp-block-columns-is-layout-flex">
<div class="wp-block-column is-layout-flow wp-block-column-is-layout-flow">
<div style="height:14px" aria-hidden="true" class="wp-block-spacer"></div>



<figure class="wp-block-image size-large"><img loading="lazy" decoding="async" width="768" height="1024" src="https://www.stadtkulturbeirat-steyr.at/wp-content/uploads/2023/09/1664032955-768x1024.jpg" alt="" class="wp-image-98" srcset="https://www.stadtkulturbeirat-steyr.at/wp-content/uploads/2023/09/1664032955-768x1024.jpg 768w, https://www.stadtkulturbeirat-steyr.at/wp-content/uploads/2023/09/1664032955-225x300.jpg 225w, https://www.stadtkulturbeirat-steyr.at/wp-content/uploads/2023/09/1664032955.jpg 960w" sizes="auto, (max-width: 768px) 100vw, 768px" /></figure>
</div>



<div class="wp-block-column is-layout-flow wp-block-column-is-layout-flow">
<p>Der SKB Steyr hat derzeit 10 Mitglieder und setzt sich aus unterschiedlichen kunst- &amp; kulturschaffenden bzw. -interessierten Personen zusammen.</p>



<p>Als <strong>ehrenamtliche Mitglieder</strong> des Stadtkulturbeirates treffen wir uns regelmäßig an verschiedenen Locations der Steyrer Kulturszene und Gastronomie, um neue Projekte zu besprechen und umzusetzen.</p>



<p>Ein wichtiger Bestandteil unserer Arbeit ist die Organisation des öffentlichen <a href="https://www.stadtkulturbeirat-steyr.at/?page_id=70"><strong>KULTURSTAMMTISCHES</strong></a>, der regelmäßig stattfinden soll und kulturell engagierten und interessierten Menschen aus der Region die Möglichkeit gibt, Anliegen, Wünsche und Vorschläge zur Verbesserung der kulturellen Situation in Steyr vorzubringen.</p>



<p>Einmal im Jahr findet die vom SKB Steyr organisierte und von der Stadt Steyr unterstützte <strong><a href="https://www.stadtkulturbeirat-steyr.at/?page_id=72">STEYRER KULTURPLATTFORM</a> </strong>statt.</p>



<p>Dafür konnten wir bisher immer bekannte Impulsreferenten gewinnen, die eine Vielzahl an kunst- und kulturliebenden Gästen dazu inspirierten, sich gemeinsam noch intensiver mit der kulturellen Entwicklung Steyrs auseinanderzusetzen.</p>
</div>
</div>



<figure class="wp-block-image size-full"><img loading="lazy" decoding="async" width="960" height="720" src="https://www.stadtkulturbeirat-steyr.at/wp-content/uploads/2023/09/1659646963-1.jpg" alt="" class="wp-image-101" srcset="https://www.stadtkulturbeirat-steyr.at/wp-content/uploads/2023/09/1659646963-1.jpg 960w, https://www.stadtkulturbeirat-steyr.at/wp-content/uploads/2023/09/1659646963-1-300x225.jpg 300w, https://www.stadtkulturbeirat-steyr.at/wp-content/uploads/2023/09/1659646963-1-768x576.jpg 768w" sizes="auto, (max-width: 960px) 100vw, 960px" /><figcaption class="wp-element-caption">Der SKB bei der Übergabe des Vorsitzes von Frau Mag. art. Beate Seckauer an Herrn Michael Gelsinger im Oktober 2021 im GH Mader</figcaption></figure>



<div style="height:50px" aria-hidden="true" class="wp-block-spacer"></div>



<div class="wp-block-buttons is-content-justification-center is-layout-flex wp-container-core-buttons-is-layout-a89b3969 wp-block-buttons-is-layout-flex">
<div class="wp-block-button has-custom-width wp-block-button__width-25 has-custom-font-size has-small-font-size" style="text-transform:capitalize"><a class="wp-block-button__link has-background has-text-align-center wp-element-button" href="https://www.stadtkulturbeirat-steyr.at/?page_id=94" style="border-radius:13px;background-color:#5c8131">Die mitglieder</a></div>
</div>



<div style="height:50px" aria-hidden="true" class="wp-block-spacer"></div>

<p>ÜBER UNS Was ist der Stadtkulturbeirat eigentlich? Der Stadtkulturbeirat Steyr (SKB) ist das Bindeglied zwischen Kulturschaffenden und Politik.Die Mitglieder des SKB arbeiten ehrenamtlich. Der Steyrer Stadtkulturbeirat (SKB) wurde bei der Erstellung des Steyrer Kulturentwicklungsplanes (KEP) angeregt und umgesetzt.&nbsp; Auszug aus dem KEP (2008): Einrichtung und Verankerung eines ständigen Kulturbeirates mit beratender Stimme von Kulturausschuss, Kulturreferentin bzw. -referent und Gemeinderat, &hellip; </p>
<p class="link-more"><a href="https://www.stadtkulturbeirat-steyr.at/?page_id=12" class="more-link">Mehr <span class="screen-reader-text">über &#8222;ÜBER UNS&#8220; </span>Lesen</a></p>
